ded by 7 + 0/(3 + t).
6
Let r(f) = 3*f + 2. Suppose 2*s - 7 = -m, 2*s = 1 + 3. Calculate the remainder when 43 is divided by r(m).
10
Suppose -4*k - 4 = -20. Suppose -k*u + 63 = -157. What is the remainder when u is divided by 19?
17
Let x be 2/10 - (-22670)/25. Suppose 432 = 5*n + 2*f - x, 4*n - f = 1066. Suppose -10*i + n = -7*i. What is the remainder when i is divided by 23?
20
Let m(i) = -6*i**3 - 5*i + 1. What is the remainder when 202 is divided by m(-2)?
25
Suppose 3*w - 603 = 282. What is the remainder when w is divided by 37?
36
Let j(k) = 3*k**2 - 9. Suppose -56 = -6*q - 38. Calculate the remainder when 52 is divided by j(q).
16
Let z(s) = s**3 - 8*s**2 + 3*s - 12. Let j be z(7). Calculate the remainder when (j/6)/((-2)/6) is divided by 11.
9
Let g = 32 - 28. Suppose q + 2*q - 59 = -g*u, 5*q - 5*u = 145. Calculate the remainder when 124 is divided by q.
24
Let g be (-48 + 3)*(-9)/5. What is the remainder when 63 is divided by (6/(-1)*1)/((-27)/g)?
9
Let c = 0 + 10. Suppose -5*l = -50 + c. Suppose -5*u + 12 = -l. What is the remainder when 7 is divided by u?
3
Suppose -4*l - 3*f = -24, -2*l - f + 0*f = -12. Suppose -l*v + 12 = -342. What is the remainder when v is divided by 31?
28
Suppose 0 = 144*z - 139*z - 3*a - 1351, 0 = -4*z - 5*a + 1066. What is the remainder when z is divided by 45?
44
Let t(i) = 11*i**2 - 1. Calculate the remainder when t(1) is divided by 4/(-8)*(-4 + 7/(35/(-30))).
0
Suppose 13*s = 3993 - 1315. What is the remainder when s is divided by 15?
11
Let t be (1/(-2))/(30/(-1080)). What is the remainder when 189 is divided by (15/((-405)/72))/((-1)/t)?
45
Let v(c) = 3*c + 129. Calculate the remainder when 82 is divided by v(-40).
1
Suppose s = n - 66, 0 = -4*s - 4*n - 1 - 287. Let t = 135 + s. Calculate the remainder when t is divided by 36.
30
Let m = -1 - -8. Let j(n) = n**3 - 6*n**2 - 7*n + 6. Suppose 0*p - 48 = -u + 5*p, -5*u = 4*p - 95. Calculate the remainder when u is divided by j(m).
5
Suppose 2*d - 164 = 66. Calculate the remainder when d is divided by 59.
56
Suppose -3*o + 3*p = -63, 0 = -3*o - p - 0*p + 43. Suppose 170 + 397 = 21*n. Let r = n - o. What is the remainder when 54 is divided by r?
10
Suppose -2*s = -6 + 2. Suppose 0 = -b - 25 - s. Calculate the remainder when 30 is divided by (-6)/b + 142/9.
14
Let i(z) = -39*z + 6. Suppose -3*d + 4 + 5 = 0. Suppose 3*l - 3*k - 93 = 0, -l + 52 = l + d*k. Calculate the remainder when i(-2) is divided by l.
26
Suppose -3*a + 7 = -0*n + 2*n, 6 = 4*n - 2*a. What is the remainder when (66/n)/((-6)/(-4)) is divided by 4 - 1 - (-6)/2?
4
Let a(t) = 22*t - 252. What is the remainder when 286 is divided by a(12)?
10
Calculate the remainder when 1451/21 - 72/756 is divided by 15.
9
Let b(d) = -d - 14. Let v = -23 + 12. Let w be b(v). Let u(t) = -2*t + 6. Calculate the remainder when 34 is divided by u(w).
10
Suppose -8*j - 5 = -7*j. Let d(g) = g + 2. Let z be d(j). Let l = 3 - z. What is the remainder when 21 is divided by l?
3
Let j(r) be the second derivative of -17*r**5/20 - r**3/2 - r**2 - 15*r. Calculate the remainder when j(-1) is divided by 5.
3
Let u = 54 - 18. What is the remainder when 177 is divided by u?
33
Suppose -726 - 274 = -4*i. Calculate the remainder when i is divided by 88.
74
Let z(o) = -3*o + 73. Calculate the remainder when 86 is divided by z(9).
40
Suppose 0 = -0*x - 2*x + 20. Let r be (-416)/(-12) + (-4)/6. Let l = 39 - r. Calculate the remainder when x is divided by l.
0
Suppose 2*z = 25 - 9. Suppose z*k - 6*k - 64 = 0. Suppose 2*x - 6*x + 44 = 0. What is the remainder when k is divided by x?
10
Suppose -z - d + 21 = 0, -z = -4*z - d + 53. Suppose z*o = 15*o + 24. Calculate the remainder when 47 is divided by o.
23
Suppose 0 = -3*z - 7*n + 2*n + 98, 5*n - 5 = 0. Suppose 0*a = -a + 2*q - 2, -17 = -4*a + 3*q. Let r = 9 + a. What is the remainder when z is divided by r?
14
Let w(p) = 3*p - 2. Let l(f) = -16*f + 11. Let x(n) = 2*l(n) + 11*w(n). Let v be x(6). Let u = 19 - v. Calculate the remainder when u is divided by 5.
3
Let p(j) = 3*j**2. Let w(o) = -2*o + 11. Calculate the remainder when w(-5) is divided by p(-2).
9
Suppose 0 = 11*s - 3*s - 24. What is the remainder when 318 is divided by s?
0
Let y = -6 - -9. Suppose 0 = y*p + p - 120. Suppose -4*d + 2*v = -5*d + 128, -2*d - 3*v + 251 = 0. What is the remainder when d is divided by p?
28
Let r = 183 - 73. What is the remainder when r is divided by 35?
5
Let h = 808 - 703. Calculate the remainder when h is divided by 33.
6
Suppose -9*g = -4*g - 20. Suppose g*f - 15 = 1. What is the remainder when (18/(-5))/((-2)/10) is divided by f?
2
Suppose 0 = -3*o + 2 + 10. Suppose o*q - 27 = -v + 33, -4*q + 60 = 5*v. What is the remainder when 41 is divided by q?
11
Let k = 183 - 79. Let h = -27 + 48. What is the remainder when k is divided by h?
20
Suppose -2*f + 9 = f. Let c(z) = 5 - 4*z - 4*z**2 + 5*z**3 - 3 + 0 - 4*z**f. Calculate the remainder when 11 is divided by c(5).
4
Let p = 12 - 14. Let j = p - -8. Suppose c + 15 = 5*g, 3*c - 3*g - j = 9. What is the remainder when 38 is divided by c?
8
Let x(y) = -y + 1. Let o be x(5). Let a be -13 + 2 + o + 0. Let b = 24 + a. What is the remainder when 15 is divided by b?
6
What is the remainder when 3018/3*(5/2 - 2) is divided by 42?
41
Let s(n) = 2*n**2 - 7*n + 4*n**2 + 8*n + 3. Let f be s(3). Let d = 90 - f. What is the remainder when d is divided by 16?
14
Let j(a) = 8*a - 2. Let z be j(2). Let y = 34 - z. Calculate the remainder when 38 is divided by y.
18
Suppose -t + 3 = -1. Suppose c + 2*y = 15*c - 56, 4*y + 4 = c. Calculate the remainder when t is divided by c.
0
Let x be (-5)/((-20)/(-288))*1. What is the remainder when x/(-16)*(3 + -1) is divided by 6?
3
Let n be (-3)/(-27) - (-35)/9. Let t(g) be the second derivative of g**3 + g**2 + g. What is the remainder when t(n) is divided by 14?
12
Suppose -4*x + 30 = -10. Suppose -6 = r - x. What is the remainder when 6/1 - 0/(-2) is divided by r?
2
Suppose 4*y - 132 = 3*t + 4, 5*y - 5*t - 170 = 0. Calculate the remainder when 106 is divided by y.
4
Suppose -s - 3*s + 42 = 3*n, 2*n + 2*s = 30. Calculate the remainder when 179 is divided by n.
17
Suppose 68 = -z + 2*z - 5*h, 0 = 3*h + 3. Let q(x) = x**2 - x + 2. Calculate the remainder when z is divided by q(-5).
31
Let n = -65 + 92. Let u(l) = -4*l**3 - l**2 - 4*l - 2. What is the remainder when n is divided by u(-1)?
2
Let n = 60 + -51. Let m(j) = -j**2 + 13*j + 1. What is the remainder when m(n) is divided by 10?
7
Suppose -3*g + 73 = b, -4*b = 5*g - 97 - 13. Suppose g = 2*r + 3*f - 113, 364 = 5*r + 2*f. What is the remainder when r is divided by ((-10)/4)/((-2)/20)?
24
Let q(g) = -4*g**2 + 12*g - 12. Suppose 0 = b - 7 + 6. Let j(i) = -i**2 + i - 1. Let l(z) = b*q(z) - 3*j(z). What is the remainder when 9 is divided by l(7)?
4
Let d be (-1 - -2)/((-4)/(-444)). Suppose 10*k - d = 7*k. Suppose 10*h = -2*n + 5*h + 30, 0 = -n + 2*h + 24. Calculate the remainder when k is divided by n.
17
Let w(j) = -39*j - 6. Calculate the remainder when w(-3) is divided by 29.
24
Calculate the remainder when -9*(-2 - 44/12) is divided by (7 - (-243)/(-18))*2/(-1).
12
Let a(c) = 7*c + 508. What is the remainder when a(22) is divided by 3?
2
Suppose 2*o - 2*f + 15 - 99 = 0, 3*o = f + 130. Calculate the remainder when 131 is divided by o.
43
Let h = 539 - 406. Calculate the remainder when h is divided by 29.
17
Let h = 19 + -18. Let w = 15 - h. Calculate the remainder when 25 is divided by w.
11
Let m(h) = 4*h - 9. Let p(x) = -12*x + 28. Let f(z) = 7*m(z) + 2*p(z). Calculate the remainder when 13 is divided by f(3).
3
Suppose 0 = 2*y - 4*g - 36, 3*y - 3 - 39 = 3*g. Calculate the remainder when y is divided by ((-3)/6)/((-2)/24).
4
Suppose -4*n + 7*n + 92 = 5*h, -5*n + 12 = 2*h. What is the remainder when -2 + 82 + 6/(-2) is divided by h?
13
What is the remainder when 549 is divided by (-130)/(-78)*57/5?
17
Let n = -77 - -21. Let f be (-3)/(-9) + n/(-12). Suppose 5*z = -3*s + 14, f*z + 5*s + 15 - 35 = 0. What is the remainder when 2 is divided by z?
0
Suppose 4*t = 2*t - 10*t + 324. Calculate the remainder when t is divided by 12/(-2)*(-10)/4.
12
Let u(j) = -j**3 - 7*j**2 + 6*j - 11. Let q be u(-8). Suppose -z - z + 72 = 0. Suppose -9*r = -q*r - z. What is the remainder w